-2*j - 434*b + 433*b + 2254 = 0, 3381 = 3*j - 5*b. Calculate the greatest common factor of 207 and j.
23
Suppose 126388 = 180*i - 186812. What is the highest common divisor of i and 240?
60
Let f(i) = 3 + 21 + 17*i - i**2 + 2*i**2 + 20. Let w be f(-15). What is the greatest common factor of w and 126?
14
Let i = 0 + -4. Let w(x) = -2*x + 5. Let a be w(i). Suppose 6*t - 8*t + 468 = 10*t. What is the highest common divisor of t and a?
13
Let q(v) = -2*v**2 + 6*v + 10. Let w be q(0). Suppose 0 - w = -r. What is the highest common divisor of r and 25?
5
Let y(j) = 11*j**2 + 18*j - 9. Let n be y(-9). Let q be (-2 + 24/9)/(12/n). Calculate the greatest common divisor of q and 8.
8
Let i = 157 + -157. Suppose i = n + 3*c - 24, 2*c + 72 = 3*n + c. What is the greatest common divisor of 24 and n?
24
Suppose 275*r - 1016 - 746 = 1538. Calculate the greatest common divisor of r and 13452.
12
Let f = 6027 + -2296. Calculate the greatest common factor of 182 and f.
91
Let f be -9 + 2/(-39) + 5118904/1482. What is the greatest common factor of 2120 and f?
265
Suppose 3*i - 4*a - 25 = 0, 4*i + 2*a = 2 + 2. Suppose -317 = -2*q - 263. Calculate the greatest common divisor of i and q.
3
Suppose -15*a - 2*a - 85 = 0. Let z be (-2)/a + (-203)/(-5). What is the highest common divisor of z and 246?
41
Suppose 18*s - 884 - 14794 = 0. Suppose -2*w + 36 - 10 = 0. Calculate the highest common divisor of s and w.
13
Let w be (-2002)/364 - 2086/(-4). Calculate the highest common divisor of 108 and w.
12
Let g be -6 - -6 - (57 + -2 + 2). Let v = g + 83. Suppose 5*i - 65 = 2*u, -5*u + 0*u = 5*i - 65. Calculate the greatest common divisor of v and i.
13
Suppose 79*w = 31*w + 40*w + 4264. Calculate the greatest common factor of 82 and w.
41
Suppose z = 2*x - 174 + 450, 5*x + 1095 = 4*z. Let f = z + -179. What is the greatest common factor of 39 and f?
13
Suppose 2*b - 68 = j + 139, -5*b + 5*j + 510 = 0. Suppose 14*u - b = -u. What is the highest common divisor of u and 56?
7
Suppose 4652*o - 4629*o - 2024 = 0. What is the highest common divisor of o and 24?
8
Let w = 5 - -10. Let l be (24/48)/(6753/2250 + -3). What is the highest common factor of l and w?
15
Let s(k) = 12 - 20 + 6 - 14*k. Let i be s(-4). Let t = 1286 - 1280. What is the greatest common factor of i and t?
6
Let h = -345 - -358. Suppose -1902 = h*f - 10222. What is the greatest common divisor of f and 20?
20
Let i(a) = -6*a - 4. Let j be -5*3/21 + (-2)/7. Let h be i(j). Suppose 0 = 2*s + 3 + 3, 690 = h*u - 2*s. What is the highest common factor of u and 38?
38
Let o = -479 + 493. Let t(q) = q**3 - 13*q**2 - 10*q + 5. Let f be t(o). What is the greatest common divisor of 61 and f?
61
Let a be (-2)/(-1) + -1 + (445 - 2) + -6. What is the highest common divisor of a and 102?
6
Let f(n) = 2*n**2 - 32*n - 1362. Let r be f(-39). What is the highest common factor of 64 and r?
16
Let g be -10*((1 - -1) + (-48)/15). Suppose -g = -4*c + 5*r, 5*c - 44 = r - 2*r. Suppose -2*w - 48 = -c*w. What is the greatest common factor of 16 and w?
8
Let v = 297 - 185. Let g be ((-14)/(-5))/((2233/(-38280))/(14/(-8))). What is the highest common divisor of g and v?
28
Let c = -39 + 48. Suppose 12*p = c*p + 27. Suppose 0*n = -2*n + m + 143, -2*n + 2*m + 142 = 0. What is the greatest common divisor of n and p?
9
Let s be 99 + (-4 - (-3 - 0)). Let y = 7280 + -6937. Calculate the highest common factor of y and s.
49
Suppose 0*i + 6*i - 270 = 0. Suppose 4*d + 91 = -5*b, 0*b = -2*b + 5*d - 10. Let m be (b/20)/(2/(-40)). What is the greatest common divisor of m and i?
15
Suppose -2*b - 5 = -3*x - b, -3*x + 5*b = -13. Let p = x + 5. Let a(v) = 1165*v + 3519. Let j be a(-3). What is the greatest common divisor of j and p?
6
Let k be (-2 + -2)/(-1*(-6)/(-63)). Let r = k - 40. Suppose -4*j + 2*j = -r*s + 168, j = 0. Calculate the highest common factor of 63 and s.
21
Let b be 57155/28 + (-1)/(-5 - -9). Calculate the highest common factor of b and 13.
13
Let z(w) = 6*w**2 + 4*w + 2. Let c be z(-1). Suppose 2*r = c*g - 152, g + 3*r - 45 = -0*r. Calculate the highest common divisor of 13 and g.
13
Suppose 5*r - 4*d = 48, -2*r - d + 14 = -0*d. Let f be (-45)/(-30)*(2/9 + 35560/252). What is the greatest common factor of f and r?
4
Suppose 4*r - 2*m = -178, -11 - 218 = 5*r + 4*m. Let g be r*3/18*-3*4. Calculate the highest common divisor of g and 72.
18
Let l(j) be the third derivative of 11*j**5/60 - j**4/24 + j**3/2 - 100*j**2. Let v be l(-2). What is the greatest common factor of v and 35?
7
Suppose -129*m = -126*m - 4*q - 112, -28 = -2*m - 2*q. Suppose -3*k = -3*b - 0 - 126, 5*b = k - 50. What is the highest common factor of k and m?
8
Let w = -26906 - -26911. Suppose 3*y - 1 = 5. Suppose -3*v - 3*b = -9, 5*b + 5 = -3*v + y*v. What is the highest common factor of w and v?
5
Suppose 20*r - 133*r + 3307 + 1100 = 0. Suppose -4*x = 5*t - 3 + 11, -2*t - 2 = x. Suppose -y + 0*y + 13 = t. What is the highest common divisor of y and r?
13
Let u(l) = -237*l + 25. Let p be u(0). Suppose 4*a - 80 = -4*w, -a = 7*w - 3*w - 95. Calculate the greatest common factor of w and p.
25
Let c = -52 - -31. Let b be -4 + (-6)/(-9)*-45 + -1 + 2. Let l = c - b. Calculate the highest common divisor of 96 and l.
12
Suppose 8*x = 13*x - 3*o - 82, 2*x + 3*o = 16. Let h(s) = -s**2 + 24*s - 4. Let u be h(x). Calculate the highest common factor of 16 and u.
8
Let j = -33915 - -34240. Calculate the greatest common divisor of 275 and j.
25
Let s be 9/(27/3066) + (52 - 58). What is the highest common factor of s and 1905?
127
Let o(b) = -3*b**3 + b**2 + b - 2. Let z be o(-3). Let y(m) = 66*m**2 + 865*m - 863. Let g be y(1). Calculate the greatest common factor of z and g.
17
Let y = -44 - -28. Let x be y/(-20) + 1441/5. Let m = x - 168. Calculate the highest common factor of m and 11.
11
Suppose 0 = 8*h - 29*h + 2583. What is the greatest common divisor of h and 82?
41
Let r = -178 + 470. Let m = r + -82. Let c = m + -110. What is the highest common divisor of 25 and c?
25
Suppose -768 = -842*g + 818*g. What is the greatest common divisor of 7648 and g?
32
Let d(l) = -l**2 + 24*l + 1. Let o be d(24). Suppose -6*s + o = -53. Calculate the greatest common factor of 153 and s.
9
Suppose 4*v = 5*g + 28, -2*g = -3*v - 4*g - 2. Let f be 33/v*(110/15)/11. Calculate the highest common factor of f and 209.
11
Let l = -16952 - -18088. Calculate the greatest common divisor of 24 and l.
8
Suppose 12*v = -11*v + 1541. Calculate the greatest common divisor of 8509 and v.
67
Suppose 0 = -3*v - 2*s + 14, 2*s = 2 - 0. Suppose 5*i = 4*y + 50, -17 = -3*i - y - v. Suppose -3 = -i*p + 5*p. Calculate the greatest common factor of 2 and p.
1
Suppose -85 = 36*s - 265. Suppose 3*w - 29 = -n, -22 = -w - 4*n - s. Suppose -168 - 12 = -5*q. Calculate the greatest common divisor of q and w.
9
Suppose -30*g - 2176 = -14*g. Let u = 301 + g. Calculate the highest common factor of u and 99.
33
Let g = -3749 - -8069. Suppose 6*q - g = -9*q. What is the greatest common factor of 9 and q?
9
Let r = -14955 - -15467. What is the greatest common factor of 2432 and r?
128
Let x = -79 - -99. Suppose 19*q = x*q + 4. Let h(d) = 18*d**2 - 5*d - 4. Let s be h(q). Calculate the highest common factor of 38 and s.
38
Let z = 39 - -81. Suppose -11*c = -21*c + z. Calculate the greatest common divisor of c and 21.
3
Let t be ((-12)/5)/(532/(-89775)). Calculate the highest common divisor of t and 162.
81
Let v be 3545*6/90 - (-6)/9. Let w = v - 209. Calculate the greatest common divisor of 14 and w.
14
Suppose 5*x + 400 = w - 300, 2*x = w - 712. Calculate the greatest common divisor of w and 396.
36
Suppose -26*d = -1742 + 234. Suppose -5*n - 3*a + 86 = 0, 9*n + 5*a = 6*n + d. Let o = 8 + -4. Calculate the highest common factor of n and o.
4
Suppose -21*g = -43*g + 264. Calculate the highest common factor of 13548 and g.
12
Let y = -54 + 39. Let u be 39 - 7/((-35)/y). Let q(i) = i + 1. Let n be q(11). Calculate the highest common divisor of n and u.
12
Suppose -41 - 89 = -2*t - 4*d, -t - 4*d = -71. What is the highest common divisor of 1121 and t?
59
Suppose -4*s + 0*s + 2245 = -499. What is the greatest common divisor of s and 70?
14
Let u = 1 - 2. Let o(k) = 259*k - 5. Let t(x) = 1035*x - 18. Let f(d) = 15*o(d) - 4*t(d). Let w